{"id":1950,"date":"2025-09-24T15:35:15","date_gmt":"2025-09-24T15:35:15","guid":{"rendered":"https:\/\/www.chiecbepamap.com\/amap\/?post_type=product&#038;p=1950"},"modified":"2025-10-18T14:40:33","modified_gmt":"2025-10-18T14:40:33","slug":"banh-phong-sieu-tom","status":"publish","type":"product","link":"https:\/\/www.chiecbepamap.com\/amap\/?product=banh-phong-sieu-tom","title":{"rendered":"B\u00e1nh ph\u1ed3ng si\u00eau t\u00f4m"},"content":{"rendered":"<p>B\u00e1nh Ph\u1ed3ng T\u00f4m C\u00e0 Mau \u0110\u1eb7c Bi\u1ec7t Si\u00eau T\u00f4m ( H\u01a1n 50% T\u00f4m)<br \/>\nB\u00e1nh ph\u1ed3ng t\u00f4m v\u1edbi h\u01b0\u01a1ng v\u1ecb \u0111\u1eb7c tr\u01b0ng v\u00e0 c\u1ea3m gi\u00e1c gi\u00f2n tan khi \u0103n \u0111\u00e3 tr\u1edf th\u00e0nh m\u00f3n kho\u00e1i kh\u1ea9u c\u1ee7a m\u1ecdi nh\u00e0, b\u00e1nh \u0111\u1ec3 gia v\u1ecb v\u1eeba \u0103n n\u00ean t\u1eeb tr\u1ebb con \u0111\u1ebfn ng\u01b0\u1eddi l\u1edbn \u0111\u1ec1u d\u00f9ng \u0111\u01b0\u1ee3c. V\u1ecb ng\u1ecdt c\u1ee7a t\u00f4m k\u1ebft h\u1ee3p v\u1edbi ch\u00fat cay c\u1ee7a ti\u00eau, h\u01b0\u01a1ng th\u01a1m h\u00e0nh l\u00e1, v\u1ecb b\u00e9o c\u1ee7a tr\u1ee9ng v\u00e0 c\u1ea3m gi\u00e1c gi\u00f2n tan khi \u0103n \u0111\u00e3 khi\u1ebfn nhi\u1ec1u ng\u01b0\u1eddi &#8220;say \u0111\u1eafm&#8221; b\u00e1nh ph\u1ed3ng t\u00f4m.<br \/>\n\u01afU \u0110I\u1ec2M \u0110\u1eb6C BI\u1ec6T:<br \/>\nT\u1ea5t c\u1ea3 c\u00e1c c\u00f4ng \u0111o\u1ea1n \u0111\u1ec1u \u0111\u01b0\u1ee3c ch\u1ebf bi\u1ebfn th\u1ee7 c\u00f4ng, kh\u00f4ng s\u1eed d\u1ee5ng ch\u1ea5t ph\u1ee5 gia \u0111\u1ed9c h\u1ea1i, \u0111\u1ea3m b\u1ea3o v\u1ec7 sinh an to\u00e0n th\u1ef1c ph\u1ea9m. B\u00e1nh \u0111\u01b0\u1ee3c c\u1eaft th\u1ee7 c\u00f4ng v\u1edbi mi\u1ebfng b\u00e1nh to d\u00e0y, n\u00ean khi chi\u00ean b\u00e1nh ph\u1ed3ng to, v\u1ecb r\u1ea5t \u0111\u1eadm \u0111\u00e0.<br \/>\nH\u01af\u1edaNG D\u1eaaN S\u1eec D\u1ee4NG : Chi\u00ean ng\u1eadp d\u1ea7u tr\u00ean ch\u1ea3o n\u00f3ng , b\u00e1nh ph\u1ed3ng l\u00ean tr\u1edf \u0111\u1ec1u hai m\u1eb7t l\u00e0 v\u1edbt ra d\u0129a.<br \/>\nB\u00e1nh chi\u00ean l\u00ean c\u00f3 \u0111\u1ed9 gi\u00f2n tan, b\u00e9o ng\u1eady, \u0111\u1eadm v\u1ecb t\u00f4m , chi\u00ean r\u1ed3i c\u00f3 th\u1ec3 b\u1ecf h\u1ed9p \u0111\u1eady k\u00edn \u0103n c\u1ea3 tu\u1ea7n v\u1eabn gi\u00f2n. D\u00f9ng \u0103n ch\u01a1i, \u0103n k\u00e8m g\u1ecfi,khai v\u1ecb tr\u01b0\u1edbc c\u00e1c bu\u1ed5i ti\u1ec7c ho\u1eb7c bu\u1ed5i h\u1ecdp m\u1eb7t. D\u00f9ng ch\u1ebf bi\u1ebfn b\u00e1nh canh r\u1ea5t ngon : ng\u00e2m b\u00e1nh ph\u1ed3ng t\u00f4m cho m\u1ec1m, v\u1edbt ra r\u1ed3i n\u1ea5u v\u1edbi n\u01b0\u1edbc d\u00f9ng (thay th\u1ebf cho s\u1ee3i b\u00e1nh canh th\u00f4ng th\u01b0\u1eddng) , s\u1ebd c\u00f3 ngay m\u00f3n b\u00e1nh canh \u0111\u1eadm \u0111\u00e0, dai th\u01a1m c\u1ef1c h\u1ea5p d\u1eabn.<br \/>\nTH\u00d4NG TIN S\u1ea2N PH\u1ea8M:<br \/>\n&#8211; Nguy\u00ean li\u1ec7u :t\u00f4m \u0111\u1ea5t c\u00f2n t\u01b0\u01a1i s\u1ed1ng, xay nhuy\u1ec5n tr\u1ed9n v\u1edbi b\u1ed9t v\u00e0 gia v\u1ecb v\u1edbi t\u1ef7 l\u1ec7 ph\u00f9 h\u1ee3p l\u00e0 \u0111\u00e3 c\u00f3 b\u00e1nh ph\u1ed3ng t\u00f4m v\u1edbi h\u01b0\u01a1ng v\u1ecb th\u01a1m ngon.<br \/>\n&#8211; Xu\u1ea5t s\u1ee9: N\u0103m C\u0103n \u2013 C\u00e0 Mau<br \/>\n&#8211; Quy c\u00e1ch \u0111\u00f3ng g\u00f3i: t\u00fai 100g, 200g, 500g<br \/>\n&#8211; B\u1ea3o qu\u1ea3n: Nhi\u1ec7t \u0111\u1ed9 th\u01b0\u1eddng, n\u01a1i kh\u00f4 r\u00e1o , tho\u00e1ng m\u00e1t.<br \/>\n&#8211; H\u1ea1n s\u1eed d\u1ee5ng: 12 th\u00e1ng t\u1eeb ng\u00e0y s\u1ea3n xu\u1ea5t.<br \/>\n#banhphongtom #dacsancamau #banhphongtomngon #banhphong #anvat #banhphongnamcan #banh #phong #ca #mau #camau #nam #can #chinhhieu #che #bien #thuc #pham #kho #dacsanmientay #banhphongtomtuoi #banhphongtomcamau #banhphongchinhgoc #banhphongtomnamcan #banhtom #banhphongtomnhalam #dacsan #dasancamau #camau #b\u00e1nh_ph\u1ed3ng #b\u00e1nh_ph\u1ed3ng_t\u00f4m_n\u0103m_c\u0103n #\u0111\u1ed3_\u0103n_v\u1eb7t #tom #phongtom #sieutom #banhphongsieutom #50%tom #banhphongcaocap #quatang #quabieu #B\u00e1nhph\u1ed3ngt\u00f4mtruy\u1ec1nth\u1ed1ng #banh #phongtomngon #sieutom #truyenthong<\/p>\n","protected":false},"excerpt":{"rendered":"<p>B\u00e1nh Ph\u1ed3ng T\u00f4m C\u00e0 Mau \u0110\u1eb7c Bi\u1ec7t Si\u00eau T\u00f4m ( H\u01a1n 50% T\u00f4m) B\u00e1nh ph\u1ed3ng t\u00f4m v\u1edbi h\u01b0\u01a1ng v\u1ecb \u0111\u1eb7c tr\u01b0ng v\u00e0 c\u1ea3m gi\u00e1c gi\u00f2n tan khi \u0103n \u0111\u00e3 tr\u1edf th\u00e0nh m\u00f3n kho\u00e1i kh\u1ea9u c\u1ee7a m\u1ecdi nh\u00e0, b\u00e1nh \u0111\u1ec3 gia v\u1ecb v\u1eeba \u0103n n\u00ean t\u1eeb tr\u1ebb con \u0111\u1ebfn ng\u01b0\u1eddi l\u1edbn \u0111\u1ec1u d\u00f9ng \u0111\u01b0\u1ee3c. V\u1ecb ng\u1ecdt [&hellip;]<\/p>\n","protected":false},"featured_media":1607,"template":"","meta":[],"product_brand":[57],"product_cat":[35],"product_tag":[93,83],"class_list":{"0":"post-1950","1":"product","2":"type-product","3":"status-publish","4":"has-post-thumbnail","6":"product_brand-amap-food","7":"product_cat-dac-san","8":"product_tag-banh-keo-mut","9":"product_tag-ca-mau","10":"product_shipping_class-a","12":"first","13":"instock","14":"taxable","15":"shipping-taxable","16":"purchasable","17":"product-type-variable"},"_links":{"self":[{"href":"https:\/\/www.chiecbepamap.com\/amap\/index.php?rest_route=\/wp\/v2\/product\/1950","targetHints":{"allow":["GET"]}}],"collection":[{"href":"https:\/\/www.chiecbepamap.com\/amap\/index.php?rest_route=\/wp\/v2\/product"}],"about":[{"href":"https:\/\/www.chiecbepamap.com\/amap\/index.php?rest_route=\/wp\/v2\/types\/product"}],"wp:featuredmedia":[{"embeddable":true,"href":"https:\/\/www.chiecbepamap.com\/amap\/index.php?rest_route=\/wp\/v2\/media\/1607"}],"wp:attachment":[{"href":"https:\/\/www.chiecbepamap.com\/amap\/index.php?rest_route=%2Fwp%2Fv2%2Fmedia&parent=1950"}],"wp:term":[{"taxonomy":"product_brand","embeddable":true,"href":"https:\/\/www.chiecbepamap.com\/amap\/index.php?rest_route=%2Fwp%2Fv2%2Fproduct_brand&post=1950"},{"taxonomy":"product_cat","embeddable":true,"href":"https:\/\/www.chiecbepamap.com\/amap\/index.php?rest_route=%2Fwp%2Fv2%2Fproduct_cat&post=1950"},{"taxonomy":"product_tag","embeddable":true,"href":"https:\/\/www.chiecbepamap.com\/amap\/index.php?rest_route=%2Fwp%2Fv2%2Fproduct_tag&post=1950"}],"curies":[{"name":"wp","href":"https:\/\/api.w.org\/{rel}","templated":true}]}}